6. Calculate g(-3).
2
Let l(r) = -18*r**3 - 27*r**2 + 103*r - 106. Give l(2).
-152
Let n(p) = -p**2 + 1321*p - 71031. Give n(56).
-191
Let m(h) = 32*h**2 - 593*h + 28. Determine m(19).
313
Let c(f) = 3*f**2 + 264*f + 3666. Determine c(-71).
45
Let x(n) = 71672*n + 215013. Calculate x(-3).
-3
Let t(j) = -18050*j + 234645. Calculate t(13).
-5
Let f(c) = 10592*c + 105919. What is f(-10)?
-1
Let r(y) = 19*y**3 + 208*y**2 + 60*y - 192. What is r(-10)?
1008
Let t(z) = 5*z**3 + 1363*z - 4065. Determine t(3).
159
Let o(r) = 37932*r + 721035. What is o(-19)?
327
Let v(i) = -7*i**3 + 237*i**2 + 29*i. Give v(34).
-170
Let t(f) = -f**3 + 14*f - 49. Determine t(7).
-294
Let c(a) = -153*a**2 + 2564*a + 684. Calculate c(17).
55
Let m(q) = -12290*q + 11928. Give m(1).
-362
Let b(d) = d**3 + 51*d**2 - 1009*d + 323. Calculate b(15).
38
Let x(p) = 73063*p - 1534320. What is x(21)?
3
Let o(p) = p**3 - 85*p**2 + 2121*p - 85363. Calculate o(72).
-43
Let k(l) = 5*l**3 - 168*l**2 - 98*l + 1055. What is k(34)?
35
Let d(r) = 155*r + 33674. Give d(-221).
-581
Let q(h) = -h**3 - 334*h**2 - 1269*h + 16716. Determine q(-330).
-114
Let g(v) = -v**3 + 16*v**2 - 327*v - 2754. What is g(-6)?
0
Let x(a) = -17061*a + 2524942. What is x(148)?
-86
Let s(q) = q**2 + 1887*q + 175160. Determine s(-98).
-162
Let q(a) = -a**2 + 4574*a - 176866. Give q(39).
-1
Let j(d) = 186*d**2 + 6516*d + 206. Give j(-35).
-4
Let r(g) = 184*g**2 + 5234*g + 2317. What is r(-28)?
21
Let o(a) = -8*a + 408. Calculate o(23).
224
Let r(t) = 1973*t + 92708. Calculate r(-47).
-23
Let i(h) = -h**2 + 17836*h + 160492. Calculate i(-9).
-113
Let f(y) = -y**3 - y**2 + 711*y + 405. Determine f(27).
-810
Let q(i) = 5*i**2 + 73*i - 787. Determine q(12).
809
Let j(m) = -328*m**2 + 256*m + 521. Give j(-2).
-1303
Let a(h) = h**2 + h - 448. Determine a(-25).
152
Let h(d) = -3*d**3 - 17*d**2 - 120*d - 936. Calculate h(-8).
472
Let o(f) = 12*f**2 - 123*f + 716. What is o(7)?
443
Let u(a) = -a**3 - 36*a**2 - 184*a - 51. Calculate u(-30).
69
Let f(m) = -92*m**3 - 454*m**2 + 6*m - 24. Calculate f(-5).
96
Let m(i) = -65*i**3 + 584*i**2 - 12*i + 180. Give m(9).
-9
Let p(a) = 21*a**2 + 2079*a - 8554. Give p(-103).
98
Let l(u) = -3*u**2 + 45. Give l(12).
-387
Let p(k) = 8022*k - 8038. Calculate p(1).
-16
Let h(o) = 6*o**2 + 6898*o - 13795. What is h(2)?
25
Let o(h) = -181*h - 7228. Give o(-38).
-350
Let q(l) = -l**3 + 1773*l**2 + 10546*l + 227723. Give q(1779).
11
Let g(r) = -5*r**2 + 39*r + 3081. What is g(28)?
253
Let d(z) = 4*z**3 + 50*z**2 - 12*z - 160. Determine d(-12).
272
Let l(m) = -5348*m - 139. Determine l(0).
-139
Let f(j) = 181*j**2 + 88880*j + 4464. Calculate f(-491).
45
Let k(a) = 3*a**2 - 8644*a + 8645. Give k(1).
4
Let m(r) = -18*r**2 + 217*r + 1964. What is m(-11)?
-2601
Let j(v) = 28*v**2 - 878*v - 6253. Calculate j(-6).
23
Let k(h) = 27966*h - 167813. Give k(6).
-17
Let h(s) = 8*s**3 - 3090*s**2 + 770*s + 744. What is h(386)?
-28
Let y(r) = -21*r**2 - 2783*r - 1287. Determine y(-132).
165
Let t(u) = 68*u**3 + 10744*u**2 - 370. Calculate t(-158).
-370
Let c(p) = -2*p**2 - 131*p + 6361. What is c(-98)?
-9
Let k(x) = 3*x**3 - 18*x**2 + 7*x - 68. What is k(9)?
724
Let d(q) = -2*q**3 - 215*q**2 - 5036*q + 71. Give d(-73).
-2
Let l(a) = -17*a**2 + 288*a - 142. Determine l(17).
-159
Let z(y) = -2*y**2 - 1915*y - 7614. Determine z(-4).
14
Let t(k) = 4145*k + 70284. What is t(-17)?
-181
Let s(q) = -31*q**2 - 529*q + 2463. What is s(-21)?
-99
Let q(x) = 806*x**2 + 253*x - 255. Determine q(1).
804
Let m(f) = f**2 + 286*f - 25529. Calculate m(-357).
-182
Let k(u) = u**3 - 851*u**2 + 60963*u + 19289. Determine k(772).
-11
Let o(c) = -c**2 + 14551*c + 305848. Determine o(-21).
-164
Let b(g) = -559*g**2 - 245960*g - 265. Calculate b(-440).
-265
Let d(u) = u**3 - 98*u**2 - 3309*u + 168. Determine d(-27).
-1614
Let d(k) = -20*k**3 + 2048*k**2 - 815*k - 100. What is d(102)?
2
Let t(z) = z**3 + 60*z**2 + 562*z - 641. Determine t(-48).
31
Let d(y) = -8524*y + 51240. Calculate d(6).
96
Let l(i) = 2*i**2 - 1202*i - 44476. Determine l(-35).
44
Let p(o) = 21*o**3 - 2*o**2 + 35*o - 37. Give p(1).
17
Let x(n) = -3434*n - 13839. Determine x(-4).
-103
Let i(m) = -5*m**2 + 921*m - 27220. What is i(37)?
12
Let c(b) = 371*b**2 + 2525*b - 560. Calculate c(-7).
-56
Let l(a) = -a**3 + 17*a**2 + 89*a - 458. What is l(-8)?
430
Let d(i) = -60*i - 125. Determine d(16).
-1085
Let k(p) = -p**3 + 374*p**2 + 492*p - 43836. Give k(375).
39
Let l(r) = -r**3 + 103*r**2 + 541*r - 196. What is l(108)?
-88
Let g(t) = 3*t**3 - 232*t**2 + 2240*t + 297. Determine g(66).
33
Let v(j) = 130*j - 11126. What is v(79)?
-856
Let g(t) = -45*t**2 + 35473*t - 10251. Determine g(788).
-7
Let f(q) = q**3 - 31*q**2 - 30*q - 4. Calculate f(31).
-934
Let z(i) = -5*i**2 + 1031*i - 33086. Determine z(40).
154
Let v(i) = -29*i**2 - 394*i + 205. Give v(-11).
1030
Let y(h) = -30272*h + 121159. Determine y(4).
71
Let z(a) = -5973*a + 226965. Give z(38).
-9
Let n(r) = -14*r**2 + 874*r + 3497. Calculate n(-4).
-223
Let k(o) = -o**3 - 51*o**2 - 440*o + 171. What is k(-40)?
171
Let w(s) = -2516*s - 236475. Determine w(-94).
29
Let v(q) = q**3 + 16*q**2 - 4183*q - 58936. Calculate v(-14).
18
Let h(q) = 20*q**2 - 80*q + 14. Give h(9).
914
Let b(u) = -600*u - 548426. Determine b(-914).
-26
Let q(u) = u**2 - 467*u + 28530. Determine q(66).
2064
Let s(p) = p**3 - 254*p**2 + 15107*p - 378. Determine s(159).
-60
Let a(s) = -4349*s - 147868. What is a(-34)?
-2
Let k(n) = 1068*n + 1224. What is k(-1)?
156
Let f(b) = b**2 - 17*b + 303. Calculate f(12).
243
Let y(t) = -850*t + 8575. Give y(10).
75
Let c(o) = -8498*o - 40363. What is c(-5)?
2127
Let w(s) = s**3 - 871*s**2 + 34036*s - 4972. Calculate w(830).
8
Let f(q) = 12*q**3 - 5*q**2 - 7*q - 6. Calculate f(-2).
-108
Let q(j) = 1295*j + 153834. Calculate q(-121).
-2861
Let u(l) = -2345*l + 475. Give u(1).
-1870
Let s(d) = -4*d**3 - 438*d**2 - 2290*d - 171. What is s(-104)?
37
Let z(k) = -2816*k + 292833. Calculate z(104).
-31
Let a(x) = x**2 + 1429*x + 15537. What is a(-11)?
-61
Let a(d) = -6*d**3 - 13*d**2 + 205*d - 618. Give a(3).
-282
Let p(h) = h**3 - 926*h**2 - 7886*h + 386670. Calculate p(934).
-6
Let b(y) = 26917*y - 888569. Give b(33).
-308
Let p(s) = -348*s**2 + 5328*s - 1518. Give p(15).
102
Let g(q) = -13*q**2 - 874*q + 2543. What is g(-70)?
23
Let d(p) = -477*p - 9099. Give d(-21).
918
Let u(s) = 47*s**2 - 458*s - 2794. Calculate u(14).
6
Let g(q) = 6*q**3 - 108*q**2 + 471*q + 79. Calculate g(8).
7
Let b(u) = -121105*u - 121112. Give b(-1).
-7
Let q(u) = -335*u**3 - 1302*u**2 - 14*u - 92. Determine q(-4).
572
Let r(h) = -3*h**2 + 1770*h - 12284. Give r(7).
-41
Let y(d) = 4517*d - 72498. Calculate y(16).
-226
Let g(q) = 66*q - 115. Calculate g(26).
1601
Let l(z) = z**3 + 336*z**2 - 15035*z + 1874. Give l(-376).
-6
Let f(p) = p**3 - 9*p**2 + 11789*p + 47358. Give f(-4).
-6
Let s(x) = -1697*x - 75170. Calculate s(-45).
1195
Let b(g) = -92632*g - 9448471. Give b(-102).
-7
Let a(s) = -45*s**3 + 852*s - 852. What is a(1)?
-45
Let d(m) = 2*m**2 + 31*m - 1225. Determine d(-32).
-169
Let d(i) = -93446*i - 3083747. What is d(-33)?
-29
Let u(d) = -1480415*d + 2960824. What is u(2)?
-6
Let w(a) = -66*a**2 - 35*a - 285. Give w(-4).
-1201
Let h(m) = 26*m**2 - 908*m + 5033. Determine h(28).
-7
Let i(x) = -x**3 + 117*x**2 - 169*x - 6961. Calculate i(115).
54
Let w(o) = 2*o**3 + 57*o**2 + 184*o + 196. Determine w(-25).
-29
Let m(t) = 199163*t + 16928854. Calculate m(-85).
-1
Let m(k) = 98*k**2 + 11893*k - 11893. Determine m(1).
98
Let b(k) = 2*k**2 - 264*k + 118. Determine b(129).
-656
Let u(j) = 16628*j + 232827. Give u(-14).
35
Let k(m) = 17*m**2 + 609*m + 107. Determine k(-36).
215
Let l(x) = -4*x**3 - 9*x**2 - 78*x - 299. Determine l(-4).
125
Let s(w) = -w**2 - 352590*w + 11283878. Give s(32).
-26
Let v(y) = -52*y**3 + 4*y**2 + 189*y - 785. Determine v(4).
-3293
Let j(h) = -h**3 + 21*h**2 - 618*h + 12998. Calculate j(21).
20
Let d(j) = 104*j**2 + 3008*j - 3363. Determine d(-30).
-3
Let a(k) = -3466*k**2 + 17085*k + 1216. Give a(5).
-9
Let x(g) = -2*g**3 + 25*g**2 + 297*g - 2099. Determine x(18).
-317
Let w(n) = 1579858*n - 3159748. What is w(2)?
-32
Let a(r) = 57908*r + 347440. Determine a(-6).
-8
Let g(v) = v**3 + 76*v**2 - 2642*v + 1005. D